 - ((-2)/(-6) + 3/(-9)). Suppose w - 6 = 9*g. List the prime factors of g.
3
Let m(g) = 3*g**2 + 66*g - 96. What are the prime factors of m(33)?
3, 1783
Let g be 62*((-13)/2 - 18/(-6)). Let d = 499 + g. List the prime factors of d.
2, 3, 47
List the prime factors of (1 + 3/15)*1010.
2, 3, 101
Let f(b) = -b**3 - 20*b**2 + 63*b - 18. What are the prime factors of f(-26)?
2, 3, 5
Let u = -2442 + 3480. Suppose -u = -7*w + 103. What are the prime factors of w?
163
Let d(c) = 4*c**2 - 16*c + 5. What are the prime factors of d(-6)?
5, 7
Suppose 310*v - 301*v = 5778. List the prime factors of v.
2, 3, 107
Let d = 18 - 9. Let j(q) = q - 7. Let l be j(d). Suppose -3*i = 2*i + 3*y - 143, 0 = -l*y + 2. List the prime factors of i.
2, 7
Suppose -21 = -4*l - 0*l - 3*s, 51 = 4*l - 3*s. Let y = 8 - 5. Let x = l - y. What are the prime factors of x?
2, 3
Suppose 4*o = -3*w + 389, -6*o + 5*o = -3*w - 101. List the prime factors of o.
2, 7
Let q = 616 + -107. List the prime factors of q.
509
Suppose -129 - 674 = -11*p. List the prime factors of p.
73
List the prime factors of (-35)/(5 + 0) - -384.
13, 29
Let f be 2 - (-1)/((-3)/(-3)). Suppose 0 = -w + f*w + 4. What are the prime factors of 30/9*(-24)/w?
2, 5
List the prime factors of 16/24 + (-61054)/(-21).
2, 727
Let h = -9 - -15. Let q be (33/h - 4)*2. Suppose -q*w + 122 = -5*m - 58, 162 = 3*w + m. What are the prime factors of w?
5, 11
What are the prime factors of 184/(-20)*(5 + -60)?
2, 11, 23
Let x be (-8)/((-48)/18) + (11 - 0). List the prime factors of ((-2388)/7)/(-4) + (-4)/x.
5, 17
Let k(b) = -2*b**2 - 2*b - 3. Suppose 5*a - a + 24 = 0. Let l be k(a). Let f = -42 - l. List the prime factors of f.
3, 7
Suppose -a + 2953 = k + 822, -5*a = 2*k - 10640. What are the prime factors of a?
2, 1063
What are the prime factors of ((-2)/(-4))/((-16)/(-438080)*10)?
37
Let f(z) = -1739*z**3 - 6*z**2 - 6*z - 1. List the prime factors of f(-1).
2, 11, 79
Suppose -111*j + 97*j = -9618. What are the prime factors of j?
3, 229
Let k be ((-20)/(-8) - 1)/(-1)*-4. Let f(g) = g**3 - 5*g**2 + 2*g - 9. What are the prime factors of f(k)?
3, 13
Let k = -790 + 495. Let b be k/10 + (-3)/(-6). List the prime factors of (2 - 2 - 1)*b.
29
Let v = 16 + -11. Suppose v*s = -5*q + 735, -6*q = -3*q - 2*s - 421. What are the prime factors of q?
11, 13
Suppose -o - 2325 - 1684 = -2*s, 3997 = 2*s + 3*o. List the prime factors of s.
2003
Suppose 3*a - 160 - 1166 = 0. List the prime factors of a.
2, 13, 17
Let q(v) = -16*v - 167. What are the prime factors of q(-30)?
313
Suppose 3*o = 243 + 792. Suppose 9*i - 195 = o. List the prime factors of i.
2, 3, 5
Let d = 1405 + 635. List the prime factors of d.
2, 3, 5, 17
Suppose 135 = 3*p - 3*n, p - 25 = -0*p - 3*n. What are the prime factors of p?
2, 5
Let x(r) = 4*r**3 + 5*r**2 + 3*r - 2. Let s be x(-2). List the prime factors of 108 + ((-6)/4 - s/8).
109
What are the prime factors of -8 + 308/35 - (-2841)/5?
569
Let z(d) = -5*d + 6. Let f be z(0). Let w(g) = -g + 35. List the prime factors of w(f).
29
List the prime factors of -7 + 17/2 - (-2649)/2.
2, 3, 13, 17
List the prime factors of 1 + -1 + 1775 + (38 - 42).
7, 11, 23
Let g be (-1)/((-3)/(-6)) + 67. Let j = 49 + -13. Let u = g - j. List the prime factors of u.
29
Let s(h) = h**3 + 17*h**2 - 18*h + 4. Let y be s(-18). Suppose -2 = -5*g + f + 104, 85 = y*g - f. List the prime factors of g.
3, 7
Suppose 4*s = 4*k + 1700, -5*s = -3*s + 4*k - 844. What are the prime factors of s?
2, 53
Suppose -460 = -a - 5*j, a - 5*a + 2*j + 1950 = 0. What are the prime factors of a?
5, 97
Let l be 6/1 + (10 - 14). Suppose 3*u = 5*j - 132, -l*j - 5*u + 44 = -4*u. Suppose o = -0*z + 3*z + j, 5*z = o - 22. List the prime factors of o.
3
What are the prime factors of (268 - (6 - 7)) + (-12)/2?
263
What are the prime factors of 14*(349 - (-1)/((-3)/9))?
2, 7, 173
Let c be -8*(2 + 60/(-16)). What are the prime factors of ((-399)/c)/((-2)/4)?
3, 19
Suppose 2*f = c + 16, c + f = -2*c - 13. Let h be 84/(1/(c/9)). Let t = h - -80. List the prime factors of t.
2, 3
Let h = -34 - -39. Suppose 3*l + h*r = 140, -6*l = -3*l + 3*r - 132. List the prime factors of l.
2, 5
Let q(h) = 439*h - 196. List the prime factors of q(12).
2, 317
Suppose -2500 = 6*v - 10*v. What are the prime factors of v?
5
Suppose 5*p + 45 = -5*v, -5*v - 3*p - 29 = -2*p. Let r be (-2)/v + 28/(-20). Let d(j) = 10*j**2 + j. What are the prime factors of d(r)?
3
Let r be (-6)/(-3)*(-1 + 3). Suppose 5*n + r = 799. List the prime factors of n.
3, 53
Suppose 9*b = 14*b + 30. Let w = b - -128. List the prime factors of w.
2, 61
Let h(l) = 4*l**2 + 0 - 4 + 10*l**2 + 3*l + 2. List the prime factors of h(2).
2, 3, 5
Let q = -792 - -420. Let i = q + 648. List the prime factors of i.
2, 3, 23
List the prime factors of 428/2*-3*122/(-12).
61, 107
Suppose -5 = -2*h + 3. Let i = -95 - -96. Suppose -x = b - h, -x - i = -2*x. List the prime factors of b.
3
Suppose -19134 = -149*u + 143*u. What are the prime factors of u?
3, 1063
Suppose 4*c - 3*h = 404, 3*c + h - 48 = 268. What are the prime factors of c?
2, 13
Let i be 376/72 - (-2)/(-9). Suppose i*w - 76 = 64. Suppose 3*d - 2*d - w = 0. List the prime factors of d.
2, 7
Let l = -7 + 12. Suppose -28 = 3*f - l*f. Suppose -95 = f*i - 19*i. What are the prime factors of i?
19
Let v = 17 - 13. What are the prime factors of (180/v - -1) + -4?
2, 3, 7
What are the prime factors of (-1010152)/(-165) + (-174)/(-45) + -4?
2, 3061
Suppose 4*z - 27 = 5*i, 14 = -4*i + 2. Let w be (-4)/8 - 0 - 2/(-4). Suppose -m + 4*y = -66, -y + z*y + 6 = w. List the prime factors of m.
2, 3
Let v(t) = 3*t**2 - 26*t + 91. What are the prime factors of v(29)?
2, 3, 5, 31
Suppose -5*l + 4 = -1. Suppose 2 + l = 3*f. List the prime factors of 56*1/(1 + f).
2, 7
Suppose 0 = k + k - 40. Suppose 5*n - m + 0*m = -7, 4*m + k = -4*n. Let o = n - -4. List the prime factors of o.
2
What are the prime factors of ((-1)/1)/((-5)/33320*8)?
7, 17
Let b be 3*(0 + -1 + 2). Let d = 33 + -16. Suppose -y = -2*i - 27, 5*y + b*i - d = 66. List the prime factors of y.
19
Let p = 150 - 89. What are the prime factors of p?
61
Suppose 6*g - 1431 = 411. What are the prime factors of g?
307
Suppose 0*n - 50 = -2*n. Let r = n + -10. Let y(c) = c**2 - 12*c - 12. What are the prime factors of y(r)?
3, 11
What are the prime factors of 604 + ((-7)/42 - 50/(-12))?
2, 19
Let q = 88 + 74. What are the prime factors of q?
2, 3
Let c = 10 - 6. List the prime factors of -3 + 3 - (1 - c).
3
Let i(o) be the first derivative of o**2/2 + 4*o + 7. Let y be i(0). Suppose -74 = y*d - 6*d. List the prime factors of d.
37
Let t = -91 - -65. Let n = 30 + t. Suppose n*i = -0*s + 2*s - 138, 3*i = 5*s - 317. What are the prime factors of s?
61
Suppose -5*j + t = -3, -5*t = -3*j - 2 - 5. Let k be 3 - j - -2*3. Let h = k - -7. List the prime factors of h.
3, 5
Suppose -10 = -5*h + 10. Suppose -5*f = -o - 238, -2*o = h*f - 63 - 119. List the prime factors of f.
47
Suppose -3*j = -n + 3723, -n + 1606 = 2*j - 2092. List the prime factors of n.
2, 3, 103
What are the prime factors of -5 + (-81)/(-15) - 8184/(-15)?
2, 3, 7, 13
Let f = 2016 - 1061. What are the prime factors of f?
5, 191
Suppose b = 3*b - 86. Suppose 0 = 5*a + 25, -4*x + 23 = 2*a - b. Suppose 0 = -2*y + x - 5. What are the prime factors of y?
7
Suppose -10*n + 2992 = n. Suppose -1104 = -8*h + n. What are the prime factors of h?
2, 43
Suppose -5*u + 3*k + 2*k + 3825 = 0, -3*k = -5*u + 3819. List the prime factors of u.
2, 3, 127
Let j(r) = 8*r - 5. Let l be j(10). What are the prime factors of ((-4)/(-5))/(2/l)?
2, 3, 5
What are the prime factors of (-9)/(-15) - (-41492)/55?
5, 151
Let b = -495 - -519. List the prime factors of b.
2, 3
Suppose 0 = 3*c - 7 - 11. Let u(a) = a + 18. Let q be u(-9). Suppose -c*y + q*y - 177 = 0. What are the prime factors of y?
59
Let i(y) = -y**3 - 6*y**2 - 6*y - 2. Let z be i(-5). Suppose o + 6 - z = -b, 3*o = 2*b + 16. What are the prime factors of o?
2
Suppose -4*o - 20 = -4*j, 0*j + j = 2*o + 5. Suppose -2*k + 24 + 48 = o. What are the prime factors of k?
2, 3
List the prime factors of 21 + 144 + (-2 + 1)*3.
2, 3
Suppose -7*o + 5*o + 10 = 0. Suppose -o*m - 4*b = -0*m - 620, -b = 0. What are the prime factors of m?
2, 31
Let g = 6 + -3. Suppose f + 112 